
Let g(d) = 4*d - 25. Suppose 0 = -2*n + 2*x + 6, 27*n = 24*n - 2*x + 49. Calculate g(n).
19
Let r(s) = -5*s + 6 + 3*s - 10. Let z be 1/(-15 - (-605)/40). Calculate r(z).
-20
Let w = 86 + -83. Let s(f) = 8*f**w + 7*f + 13*f**3 + 10 - 20*f**3 - 10*f**2 + f**2. Calculate s(8).
2
Let x(z) be the first derivative of z**4/24 + 19*z**2/2 - 2. Let f(b) be the second derivative of x(b). Let n = -5 - 0. Give f(n).
-5
Let p be (3/6*-3)/((-6)/8). Let c(u) = 3*u + u**3 + 0*u**2 - p - 5*u + 4*u**2. Give c(-2).
10
Let h be 24/(-2) + (-3 - -2). Let c be h/2 + (-1)/2. Let i(d) = 40*d - 30. Let m(r) = 47*r - 34. Let b(x) = -7*i(x) + 6*m(x). What is b(c)?
-8
Let o be 64/11 - (-16)/88. Let t(q) = -42*q**3 + 0*q + 79*q**3 + 5 + 8*q - 38*q**3 - o*q**2. What is t(-7)?
-2
Suppose -2*z = -0*z - 22. Let t(c) be the second derivative of c**5/20 - c**4 + 11*c**3/6 - 7*c**2/2 - 3*c - 112. Determine t(z).
-7
Let c(z) = z + 4 - 1 + 1427*z**2 + 14 - 1428*z**2. What is c(6)?
-13
Suppose -17*y - 264 + 485 = 0. Let z(t) = 2*t - 29. Determine z(y).
-3
Let z(c) = -c**2 + 7*c - 10. Suppose -5*u - 4*o = -85, -2*u + 14 = u - 5*o. Suppose -3*d + u = 2*b, -3*d + 11 = 2*b + 2*d. Calculate z(b).
-18
Let c(f) = -918005*f - f**2 - 13 + 918013*f - 2*f**2. Give c(4).
-29
Let o(b) be the second derivative of -b**4/6 - 6*b**3 - 33*b**2/2 + 2528*b. Calculate o(-17).
1
Suppose -12 = 2*b + 2*u, 0 = b + 100*u - 96*u + 21. Let w(q) = 63*q**2 - 3*q - 3. What is w(b)?
63
Let h(k) = k**2 + 40*k - 140. Let g(w) = -1485*w - 10438. Let y be g(-7). Determine h(y).
-11
Let g(r) be the third derivative of r**4/2 - 5*r**3/2 - 475*r**2. Calculate g(5).
45
Let q(t) be the second derivative of t**4/12 - 5*t**3/3 - 50*t**2 - 8*t - 309. Calculate q(16).
-4
Let f(p) = 24*p + 73. Let t = -850 + 847. Give f(t).
1
Suppose -2*i - 4 - 4 = 0. Let u(z) = 24*z**2 - 2*z + 8. Let h(p) = 7*p**2 + 3. Suppose -650*a + 655*a = 10. Let b(w) = a*u(w) - 7*h(w). Calculate b(i).
-5
Let w(q) = -q + 4. Let g be w(0). Let x(v) be the third derivative of v**6/120 - v**5/20 + 5*v**3/6 - 15575*v**2 + 1. Give x(g).
21
Let b(j) be the third derivative of -j**6/60 + j**5/60 + j**4/8 + j**3/2 + j**2 + 8. Let x = 13 + -9. Suppose x*g = -0*g - 8. What is b(g)?
17
Let t = 453 - 899. Let l = -443 - t. Let z(w) = 2*w**3 - w**2 - 3*w**3 + 3*w**2 + 3 + 3*w. What is z(l)?
3
Let m(n) = -n**2 + n + 1. Let j(i) = 7*i + 5. Let t = -36 - -49. Suppose 5*u + 16 = 4*z - 5, -3*z + t = -u. Let w(f) = u*m(f) + j(f). Determine w(-5).
-1
Let u(m) = 2. Let g(b) = -6*b + 4. Let i(t) = 2*g(t) - 2*u(t). Let n be (4/((-56)/21))/(20/(-40)). Calculate i(n).
-32
Let q be 875/100*28/(-35). Let t(s) = -s**3 - 8*s**2 - 8*s - 14. Calculate t(q).
-7
Let b(o) = -o**2 - 162*o - 1671. Let w be b(-11). Let h be 6*(-1 - (-17)/(-3)). Let v be (-5)/(h/12)*w/(-15). Let r(d) = 4*d**2 + d. What is r(v)?
5
Let k(p) = 19*p + 23*p + 31*p - 91*p - p**2 + 31*p. Let l(b) = -14*b**3 - b**2 + b + 1. Let d be l(-1). What is k(d)?
0
Let s(l) = -5*l**2 - 192*l - 53. Let g(m) = -6*m**2 - 270*m - 52. Let b(z) = 3*g(z) - 4*s(z). Determine b(20).
16
Suppose -3*x - 3*h + 6 = 0, 2*h + 6 = x + 7. Let j be x/(14/10) + 2/7. Let i(v) = -12*v**3 + v**2 - 2*v + 1. Give i(j).
-12
Suppose 1232*k - 1217*k = 0. Let y(j) be the first derivative of j**4/4 - j**3/3 - 12*j + 4. Calculate y(k).
-12
Let h be ((-12885)/4)/(-3) - 70/(-280). Let t(j) = j + 537 + 533 - h. Give t(-4).
-8
Suppose 13*k - 15*k - p + 17 = 0, 18 = 3*k - p. Let n(i) = k + 3*i - 2 - i - 20. What is n(10)?
5
Let d = -737 - -737. Let g(o) = o + 4. Give g(d).
4
Let z be 1/((24/64)/(-3)). Let l(s) = -s**3 - 9*s**2 + 3*s + 15. Calculate l(z).
-73
Let r(s) = s**2 + 3*s - 10. Let y be r(-5). Suppose -320 = -y*h - 10*h. Let l = h + -37. Let c(b) = -5*b - 5. What is c(l)?
20
Let z = -471 - -473. Let q(b) = -14*b**3 - 4. What is q(z)?
-116
Let b(f) = -4*f**2 + 5*f + 56. Let x be b(-3). Let y(z) be the first derivative of -z**4/4 + 2*z**3 - 3*z**2/2 - 6*z + 2. Calculate y(x).
4
Let s(u) = -5*u - 1. Let r(h) = h**3 - h**2 + 5*h - 4. Let x be r(1). Suppose 9 = 2*f + x. Let g(k) = -5*k + 15. Let w be g(f). Calculate s(w).
24
Let c(d) = -24*d + 8. Let g(p) = 4*p**2 + 121*p + 142. Let i be g(-29). Determine c(i).
80
Let c(x) = -x**3 + 14*x**2 - 13*x + 2. Suppose 213 = 16*f + 5. Determine c(f).
2
Let z(c) = -c**3 - 5*c**2 - 2*c + 11. Suppose 0*j - 102 = -3*j. Suppose -174 = j*k - 38. Give z(k).
3
Suppose -4*t + 4*b = 12, t = 4*b + 6 - 21. Let s(o) = o**2 - 15 + 13 + 0*o + 5*o + t + 0*o. Calculate s(-4).
-5
Let k(a) = -a + 1. Let d(p) = 5*p - 8. Let c(q) = -d(q) - 6*k(q). Let z be (-13)/39*(0 + 0/1). Suppose g = -z*s - 4*s - 9, 6 = 3*s + 5*g. Calculate c(s).
-1
Let z(p) = -3*p + 12. Let m(r) = 6*r - 32. Let l(y) = 2*m(y) + 5*z(y). Determine l(7).
-25
Let v(t) be the first derivative of 3*t**2 + 29*t - 1980. Calculate v(-7).
-13
Let t(k) = -k**2 + k + 84. Let h be t(-9). Let x be h + (5 - 5)/(-5). Let a(l) = -4*l - 2. What is a(x)?
22
Let y(b) = b - 11. Let j = -9 + 14. Let k(c) = -j*c + 2 - 2*c + 8*c. Let i be k(6). Determine y(i).
-3
Let f(m) = -2*m**2 + 13*m - 4. Let c be f(6). Let r(o) = 716*o + o**3 - 706*o - 11 + 4*o**c - 13*o**2. Give r(8).
5
Let d(w) be the third derivative of 2*w**4/3 + 221*w**3/3 - 478*w**2 + 9. Calculate d(-27).
10
Let v(w) = -w**3 + 13*w**2 + 6. Suppose 223 = 9*q - 209. Let d be (-39)/2*(-32)/q. Calculate v(d).
6
Suppose w - 4 = r - 2*w, r = -w + 8. Suppose -266*m = -267*m + r. Let p(l) = -2*l - 2. Determine p(m).
-12
Let t(q) = -q**3 + 7*q**2 + 13*q - 45. Suppose 6 = -40*j + 327 - 1. What is t(j)?
-5
Let s be ((-1562)/66 + 17)*6/4. Let a(z) = -4*z - 29. What is a(s)?
11
Let q(p) = 2*p**2 + 24*p + 2. Let c be ((-8)/16)/((-35)/56)*-15. Calculate q(c).
2
Let w(d) = -2*d - 22. Let o(s) be the second derivative of -8*s**3 + 43*s**2 + 296*s. Let v be o(2). Determine w(v).
-2
Let v(c) = 7 + 5*c + c + c + 6*c - 11*c**2 + 12*c**2. Calculate v(-11).
-15
Let o(a) = -a**2 + 7*a - 5. Let f(u) = u**3 - u**2 - 11*u + 3. Let p be f(0). Let l be p*247/117 + (-4)/(-6). Calculate o(l).
-5
Let l(h) = 11*h - 52. Suppose -18*g - 1353 = -1425. Calculate l(g).
-8
Let p = 2514 + -7528/3. Let m(x) be the first derivative of -x - 10 + p*x**3 + x**2. Give m(1).
15
Let p(h) be the first derivative of -h**2/2 + 3*h + 22. Let f be p(-3). Let w(c) = -f*c + 13*c - 3*c**2 - c**3 - 3*c**2 + 1. Calculate w(-7).
1
Suppose -68 = 23*q - 137. Let j(r) = -r**3 + r**2 + 6*r + 6. What is j(q)?
6
Suppose -y - 764 + 99 = -36*y. Let x(t) = -3*t**2 + 59*t - 41. What is x(y)?
-3
Suppose 10*v - 7*v - 15 = 0. Let h be v - ((-12)/8)/((-1)/2). Let k(a) = 9*a - 3 + 7*a**2 - h*a**2 - a**3 - 7*a - 7*a. Give k(4).
-7
Let a(d) = 61*d**2 - 98 - 4*d + 102 + 60*d**2 - 122*d**2. Determine a(1).
-1
Let a(t) be the second derivative of -1/12*t**4 + 0 - 1/2*t**3 + 9*t - 1/2*t**2. Let z(i) = i**2 + 2*i - 25. Let u be z(4). Calculate a(u).
1
Let b(d) = -5*d**3 - 9*d**2 + 2*d + 2. Let i(x) = -x**3 - x**2 - 1. Let r(l) = -b(l) + 4*i(l). Suppose -2*j = -8*j - 30. Determine r(j).
4
Let r(n) = n - 36. Let x = -4503 - -4528. What is r(x)?
-11
Let o(q) be the second derivative of -5*q**3/3 + 107*q**2/2 + 2*q + 681. Calculate o(11).
-3
Let j(k) = 199*k - 401*k + 201*k - 1 + 5. Suppose 280 = 11*p + 29*p. Determine j(p).
-3
Let g(o) be the first derivative of -7*o**4/4 + o**3 + 5*o**2/2 + 7*o + 111. Let f(s) = -20*s**3 + 8*s**2 + 14*s + 20. Let i(u) = 6*f(u) - 17*g(u). Give i(-2).
-1
Suppose d - 10*d + 3*d = 36. Let b(z) = -2*z**2 - 8*z + 5. What is b(d)?
-19
Let c(p) be the third derivative of p**6/120 + 7*p**5/60 + p**4/24 + 7*p**3/3 + 944*p**2. Give c(-7).
7
Let m(b) = -4*b + 1. Let s be (-18)/(-42) + 160/35. Let f(i) = -i - 2. Let n(v) = s*f(v) - m(v). Determine n(-9).
-2
Let k(v) = 10 + v + v**2 - 5*v - 3 - 16*v. Calculate k(18).
-29
Let k(i) = -3*i + 13. Let y(v) = -6*v**3 - 4*v**2 - 6*v + 1. Let o(m) = 29*m**3 + 21*m**2 + 31*m - 6. Let d(h) = 2*o(h) + 11*y(h). Let t be d(-1). Give k(t).
-14
Suppose j - 3*q - 126 = 0, -742 = -4*j - 4*q - 174. Let g = j + -136. Let m(y) = y**3 + 2*y**2 - y + 2. Calculate m(g).
16
Let b be -35 - -39 - (-1 + 2)*-4. Let h(p) = 2*p**2 - 7*p + 5*p + 13*p - 8 - 3*p**2. Give h(b).
16
Let t(u) = -2*u - 2*u - 18 - 21 + 50 - 13. Give t(3).
-14
Let j(m) = -4*m + 8. Let w(o) =